at is the highest common divisor of b and c?
14
Let l(a) = 26*a**3 + 2*a - 1. Let r be l(1). Let g(w) = -w**3 + 4*w**2 + 2*w - 5. Let j be g(4). What is the highest common factor of j and r?
3
Let z = -70 + 118. Let x(g) = 9*g - 75. Let u be x(9). What is the highest common divisor of z and u?
6
Suppose 11*z = 5*z + 66. Suppose -66 + 18 = -4*t. Let p = t + 32. What is the greatest common factor of z and p?
11
Let m = -39 - 78. Let g = -57 - m. Calculate the highest common factor of g and 6.
6
Suppose -168 = -4*h + 12. Calculate the highest common divisor of h and 5.
5
Let p be (3 + -4)*-2 - -2. Calculate the greatest common factor of 12 and p.
4
Suppose -28*s + 88 = -24*s. Calculate the highest common divisor of 44 and s.
22
Let o(d) = 6*d + 1. Let r be o(1). What is the highest common divisor of 63 and r?
7
Suppose 5*m = 8*m - 210. What is the greatest common divisor of 14 and m?
14
Let o(r) = -3*r - 5. Let w be o(-19). What is the greatest common factor of w and 78?
26
Suppose 8*x - 117 - 163 = 0. What is the highest common divisor of 21 and x?
7
Suppose -2*f - 4*j = 34, -2*f - 5*j + 3*j = 26. Let h = f + 17. Calculate the greatest common divisor of h and 48.
8
Suppose -36 = -o + 54. What is the highest common divisor of 18 and o?
18
Let u = 4 - -41. Suppose -f = -0*f + 2*t - 19, t = 2*f - 28. Calculate the greatest common factor of f and u.
15
Let c = 1 + 7. Calculate the highest common divisor of 20 and c.
4
Let m(x) = -5*x - 19. Let k be m(-7). Let f be (1 + 47)*(3 + 0). What is the highest common divisor of f and k?
16
Let v = -19 + -22. Let i = v - -69. Calculate the highest common factor of 4 and i.
4
Suppose 4*p + 3*v = -25, -v - 2*v - 13 = p. Let z be 2/6*(2 - p). Let u = -14 - -24. What is the highest common divisor of z and u?
2
Let f = 428 - 230. Suppose -19 = 3*d - 73. What is the highest common divisor of f and d?
18
Suppose 0 = 2*w + w - 42. Let o(a) = -a + 1. Let f be o(-1). Suppose -z + 22 = -f*s, -s = -2*z + s + 50. Calculate the greatest common factor of w and z.
14
Let q(k) = -k**3 + 4*k**2 - 3*k + 5. Let d be q(4). Let j = d + 15. Calculate the greatest common factor of 20 and j.
4
Let u = -8 - -14. Suppose 2*c = r - 0 + 2, -5*c = -3*r - 3. Calculate the highest common divisor of u and r.
2
Let v = 37 - 22. Let m be ((-5)/(-2))/((-3)/(-18)). Calculate the highest common factor of m and v.
15
Let f be 7*(20/28)/1. What is the highest common divisor of f and 25?
5
Let j be (5 + (-66)/12)*-88. Let c = 1 + 3. What is the greatest common factor of j and c?
4
Let o be (99/(-2))/(1/(-2)). Let n = 20 - 9. Calculate the greatest common divisor of n and o.
11
Suppose 3*o - 192 = -c, -4*o + c = -3*o - 64. Let p = o - -119. Suppose 88 = 3*a + 5*k, 4*a = k + p - 35. What is the highest common factor of a and 24?
12
Let h(b) = -b**3 - 4*b**2 - 4*b - 2. Let n be h(-2). Let d = 4 + n. Suppose 0 = 4*u + j - 61, d*j - 3 = -j. What is the greatest common divisor of 30 and u?
15
Suppose 5*m - 18 = -3*n, -n + 3*n + 8 = 0. Let j be 2/((-2)/(m*-12)). What is the highest common factor of 8 and j?
8
Let x = 20 - 40. Let v = x + 30. Calculate the greatest common factor of 50 and v.
10
Suppose -193 = -4*a + 135. Suppose -3*r + 2*z = -a, -3*z - 78 = -3*r - 0*z. What is the greatest common factor of r and 15?
15
Let o be ((-3)/(-2))/((-2)/(-8)). Let w = -3 + o. Suppose 210 = w*q - 5*p, 0 = -3*q - 2*q - p + 350. Calculate the highest common factor of 28 and q.
14
Suppose -65*r - 448 = -79*r. Let l be (3 + -2)/(2/16). Calculate the highest common factor of l and r.
8
Let x = -34 - -58. Calculate the highest common divisor of x and 96.
24
Let t be 999/7 + 28/98. Calculate the highest common divisor of t and 13.
13
Let k = -10 - -43. Let x(n) = 26*n**2 - n. Let s be x(3). Calculate the highest common divisor of k and s.
33
Suppose 5*w + 3*l + 270 = 0, -3*w - 144 - 18 = -5*l. Let z = 84 + w. What is the greatest common divisor of 10 and z?
10
Suppose -4*w = -3*h - 486, -4*w - w = -3*h - 606. Calculate the greatest common divisor of w and 80.
40
Let t(d) = 2*d**2 + 2. Let k be t(2). Suppose -4*y = 3*u + 2, 1 = u + 3*y + k. Let v be 1648/40 + (-8)/(-10). What is the highest common factor of u and v?
6
Let v = -87 - -135. What is the greatest common factor of v and 36?
12
Let f be 6/4*(-28)/(-6). Suppose 294*z - 298*z + 224 = 0. What is the greatest common factor of z and f?
7
Let y = 168 + -113. Calculate the highest common divisor of 22 and y.
11
Suppose -14*q = -966 - 854. Calculate the greatest common divisor of q and 10.
10
Let z(p) = p - 2. Let q be z(-4). Let x(c) = -c**3 - 4*c + 0*c**2 - 5*c**2 + 0 - 4. Let f be x(q). Calculate the highest common divisor of f and 14.
14
Suppose 0 = -5*b + 3*b + 16. What is the greatest common factor of b and 24?
8
Let v be ((-132)/2)/((-9)/24). Suppose -8*u = -4*u - v. Calculate the greatest common factor of 11 and u.
11
Suppose 0 = 3*s + 15, 6*k - 5*s = 2*k + 305. What is the highest common divisor of 10 and k?
10
Suppose -4*v + 2*l = -54, 0*l = -3*v + 2*l + 39. What is the greatest common factor of 6 and v?
3
Let j(g) = -132*g + 1. Let q be j(-1). Suppose -4*f + 2*s + 85 = -q, 2*s = 2. Let r be (44/(-10))/((-1)/5). What is the greatest common factor of r and f?
11
Let v be (0 + (1 - -10))*11. Suppose -4*k + 6 = -2*k, 70 = -4*n - 2*k. Let o = n + 30. What is the highest common factor of o and v?
11
Let z(k) = -k**3 + 6*k**2 + 11*k - 4. Let a be z(7). What is the greatest common factor of a and 3?
3
Let y be 0*(12/8)/3. Suppose g - 34 + 8 = y. What is the greatest common factor of g and 65?
13
Let u = -57 - -81. Calculate the highest common divisor of u and 16.
8
Let w(r) = 9*r**2 + r - 4. Let l be w(-2). What is the highest common divisor of 135 and l?
15
Let k = -1 - 1. Let s be k*1 - (-3 + -2). Let c be (-6)/9 - (-11)/3. What is the highest common divisor of s and c?
3
Suppose 2*r - 2*q = 5*r - 73, -57 = -2*r - 3*q. Suppose r = -c + 4*c. Let j = c + 5. Calculate the greatest common factor of j and 3.
3
Suppose -3*w + 8*w = 0. Suppose -5*l + 344 - 64 = 5*v, w = -v + l + 56. Calculate the greatest common factor of v and 7.
7
Suppose 3*y + 4 = 5*k, 7*k - 4*k - 4*y = -2. Let v be ((-7)/k)/((-1)/(-2)). Let z be (-110)/(-7) + (-2)/v. What is the highest common divisor of 144 and z?
16
Let f = 0 - 0. Let t be -1 + f/(-2) + 4. Let x = 79 - 52. What is the greatest common factor of t and x?
3
Suppose -19*r = -18*r - 3. Calculate the greatest common factor of r and 12.
3
Suppose -325 = -0*x - 5*x. What is the greatest common factor of x and 13?
13
Suppose j = -3*q - 23, 4 = j - 0. Let i be (-6)/(-1) + (-9)/q. Calculate the greatest common factor of 49 and i.
7
Suppose -3*j - 5*y + 69 = 0, j + y = 5*j - 69. What is the greatest common factor of 24 and j?
6
Suppose 3*y = 4*y + 4*o - 231, 2*y = -o + 483. What is the greatest common factor of 27 and y?
27
Let j = 5 - 9. Let x be 18/2 - (j + 1). Calculate the greatest common factor of x and 36.
12
Suppose 5*f + 10 = 4*y - 29, -3*y + 6 = 4*f. Let p be (60/(-9))/((-1)/y). Calculate the greatest common factor of p and 16.
8
Suppose 0 = 2*p - 2, -f = -4*p + 3 - 0. Calculate the highest common factor of f and 7.
1
Let a = 3 + 6. Suppose a*r = 4*r. Suppose 6*g - 7*g + 16 = r. What is the greatest common divisor of g and 16?
16
Let g = 88 - 52. Suppose -g = -h + 41. What is the greatest common factor of h and 11?
11
Suppose 4 - 2 = j. Let u(r) = -2 - j*r + 7*r**2 + 4*r + 3. Let t be u(-1). What is the highest common factor of 3 and t?
3
Let c be (26 - 2) + 0 + 2 + 0. Calculate the greatest common divisor of 39 and c.
13
Let v(q) = q**3 - 6*q**2 + 5*q - 5. Let p be v(5). Let o be ((-146)/p)/(1/(-5)). Let r = -69 - o. What is the greatest common divisor of 11 and r?
11
Suppose 4*a - 430 = -3*m + 5*m, -435 = -4*a - 3*m. Let r be -9*(1/(-3) + -1). Calculate the highest common divisor of a and r.
12
Suppose 2*l = -5*y + 495, l + 51 + 48 = y. Calculate the highest common factor of y and 9.
9
Suppose -10*m + 102 = -58. Calculate the greatest common divisor of m and 32.
16
Let m be (-2771)/(-51) + 2/3. What is the greatest common divisor of 11 and m?
11
Suppose a - 8 = -a. Let h = 37 - 35. Suppose 2*p = h*r + 4, 3 = -a*p + 2*r + 15. Calculate the highest common factor of 44 and p.
4
Let h